{"id":41,"date":"2026-03-10T12:08:25","date_gmt":"2026-03-10T12:08:25","guid":{"rendered":"https:\/\/designg3.at\/Riegler\/?page_id=41"},"modified":"2026-03-10T13:40:56","modified_gmt":"2026-03-10T13:40:56","slug":"standorteroeffnung-neudorf","status":"publish","type":"page","link":"https:\/\/designg3.at\/Riegler\/standorteroeffnung-neudorf\/","title":{"rendered":"Standorter\u00f6ffnung Neudorf"},"content":{"rendered":"\t\t<div data-elementor-type=\"wp-page\" data-elementor-id=\"41\" class=\"elementor elementor-41\" data-elementor-post-type=\"page\">\n\t\t\t\t<div class=\"elementor-element elementor-element-019f575 e-flex e-con-boxed e-con e-parent\" data-id=\"019f575\" data-element_type=\"container\" data-e-type=\"container\">\n\t\t\t\t\t<div class=\"e-con-inner\">\n\t\t\t\t<div class=\"elementor-element elementor-element-a14ad9e elementor-widget elementor-widget-spacer\" data-id=\"a14ad9e\" data-element_type=\"widget\" data-e-type=\"widget\" data-widget_type=\"spacer.default\">\n\t\t\t\t\t\t\t<div class=\"elementor-spacer\">\n\t\t\t<div class=\"elementor-spacer-inner\"><\/div>\n\t\t<\/div>\n\t\t\t\t\t\t<\/div>\n\t\t\t\t<div class=\"elementor-element elementor-element-9828862 elementor-widget elementor-widget-heading\" data-id=\"9828862\" data-element_type=\"widget\" data-e-type=\"widget\" data-widget_type=\"heading.default\">\n\t\t\t\t\t<h2 class=\"elementor-heading-title elementor-size-default\">STANDORTER\u00d6FFNUNG NEUDORF\n\n<\/h2>\t\t\t\t<\/div>\n\t\t\t\t\t<\/div>\n\t\t\t\t<\/div>\n\t\t<div class=\"elementor-element elementor-element-453e4fc e-flex e-con-boxed e-con e-parent\" data-id=\"453e4fc\" data-element_type=\"container\" data-e-type=\"container\">\n\t\t\t\t\t<div class=\"e-con-inner\">\n\t\t\t\t<div class=\"elementor-element elementor-element-5be27d6 elementor-widget elementor-widget-text-editor\" data-id=\"5be27d6\" data-element_type=\"widget\" data-e-type=\"widget\" data-widget_type=\"text-editor.default\">\n\t\t\t\t\t\t\t\t\t<p>Am Pfingstwochenende, 14. und 15. Mai 2016 wurde der neue Standort in Neudorf feierlich er\u00f6ffnet &#8211; ein gro\u00dfes Fest im Rahmen der Pablicker\u00f6ffnung &#8211; dem neuen Wirtschaftspark &#8211; wurde gefeiert. Es war ein gelungenes und erfolgreiches Fest f\u00fcr uns! Wir bedanken uns herzlich f\u00fcr die Unterst\u00fctzung und Ihren Besuch bei unserem Er\u00f6ffnungsfest!\u00a0<\/p><p>\u00a0<\/p><p>Die Unternehmer vom Wirtschaftspark Pablick &#8211;\u00a0Holzschl\u00e4gerungen Riegler,\u00a0Glas Hofst\u00e4tter, Autohaus Ambros, Schlosserei Glinssner, FHE Leiter und Hackguterzeugung Linhardsberger, haben bei der Er\u00f6ffnung f\u00fcr das F\u00f6derzentrum Waldhausen einen Fiat 500, mit Kasko und Haftpflichtversicherung verlost. Die Einnahmen aus dem Losverkauf kamen dem F\u00f6derzentrum Waldhausen zugute!<\/p>\t\t\t\t\t\t\t\t<\/div>\n\t\t\t\t\t<\/div>\n\t\t\t\t<\/div>\n\t\t<div class=\"elementor-element elementor-element-26a4af3 e-flex e-con-boxed e-con e-parent\" data-id=\"26a4af3\" data-element_type=\"container\" data-e-type=\"container\">\n\t\t\t\t\t<div class=\"e-con-inner\">\n\t\t\t\t<div class=\"elementor-element elementor-element-92cfe6d elementor-widget elementor-widget-image-gallery\" data-id=\"92cfe6d\" data-element_type=\"widget\" data-e-type=\"widget\" data-widget_type=\"image-gallery.default\">\n\t\t\t\t\t\t\t<div class=\"elementor-image-gallery\">\n\t\t\t<div id='gallery-1' class='gallery galleryid-41 gallery-columns-4 gallery-size-medium'><figure class='gallery-item'>\n\t\t\t<div class='gallery-icon landscape'>\n\t\t\t\t<a data-elementor-open-lightbox=\"yes\" data-elementor-lightbox-slideshow=\"92cfe6d\" data-elementor-lightbox-title=\"image (1)\" data-e-action-hash=\"#elementor-action%3Aaction%3Dlightbox%26settings%3DeyJpZCI6MTA4LCJ1cmwiOiJodHRwczpcL1wvZGVzaWduZzMuYXRcL1JpZWdsZXJcL3dwLWNvbnRlbnRcL3VwbG9hZHNcLzIwMjZcLzAzXC9pbWFnZS0xLTMuanBnIiwic2xpZGVzaG93IjoiOTJjZmU2ZCJ9\" href='https:\/\/designg3.at\/Riegler\/wp-content\/uploads\/2026\/03\/image-1-3.jpg'><img fetchpriority=\"high\" decoding=\"async\" width=\"300\" height=\"200\" src=\"https:\/\/designg3.at\/Riegler\/wp-content\/uploads\/2026\/03\/image-1-3-300x200.jpg\" class=\"attachment-medium size-medium\" alt=\"\" srcset=\"https:\/\/designg3.at\/Riegler\/wp-content\/uploads\/2026\/03\/image-1-3-300x200.jpg 300w, https:\/\/designg3.at\/Riegler\/wp-content\/uploads\/2026\/03\/image-1-3-1024x683.jpg 1024w, https:\/\/designg3.at\/Riegler\/wp-content\/uploads\/2026\/03\/image-1-3-768x512.jpg 768w, https:\/\/designg3.at\/Riegler\/wp-content\/uploads\/2026\/03\/image-1-3-1536x1024.jpg 1536w, https:\/\/designg3.at\/Riegler\/wp-content\/uploads\/2026\/03\/image-1-3.jpg 2048w\" sizes=\"(max-width: 300px) 100vw, 300px\" \/><\/a>\n\t\t\t<\/div><\/figure><figure class='gallery-item'>\n\t\t\t<div class='gallery-icon landscape'>\n\t\t\t\t<a data-elementor-open-lightbox=\"yes\" data-elementor-lightbox-slideshow=\"92cfe6d\" data-elementor-lightbox-title=\"image (4)\" data-e-action-hash=\"#elementor-action%3Aaction%3Dlightbox%26settings%3DeyJpZCI6MTA5LCJ1cmwiOiJodHRwczpcL1wvZGVzaWduZzMuYXRcL1JpZWdsZXJcL3dwLWNvbnRlbnRcL3VwbG9hZHNcLzIwMjZcLzAzXC9pbWFnZS00LXNjYWxlZC5qcGciLCJzbGlkZXNob3ciOiI5MmNmZTZkIn0%3D\" href='https:\/\/designg3.at\/Riegler\/wp-content\/uploads\/2026\/03\/image-4-scaled.jpg'><img decoding=\"async\" width=\"300\" height=\"199\" src=\"https:\/\/designg3.at\/Riegler\/wp-content\/uploads\/2026\/03\/image-4-300x199.jpg\" class=\"attachment-medium size-medium\" alt=\"\" srcset=\"https:\/\/designg3.at\/Riegler\/wp-content\/uploads\/2026\/03\/image-4-300x199.jpg 300w, https:\/\/designg3.at\/Riegler\/wp-content\/uploads\/2026\/03\/image-4-1024x678.jpg 1024w, https:\/\/designg3.at\/Riegler\/wp-content\/uploads\/2026\/03\/image-4-768x509.jpg 768w, https:\/\/designg3.at\/Riegler\/wp-content\/uploads\/2026\/03\/image-4-1536x1017.jpg 1536w, https:\/\/designg3.at\/Riegler\/wp-content\/uploads\/2026\/03\/image-4-2048x1357.jpg 2048w\" sizes=\"(max-width: 300px) 100vw, 300px\" \/><\/a>\n\t\t\t<\/div><\/figure><figure class='gallery-item'>\n\t\t\t<div class='gallery-icon landscape'>\n\t\t\t\t<a data-elementor-open-lightbox=\"yes\" data-elementor-lightbox-slideshow=\"92cfe6d\" data-elementor-lightbox-title=\"image\" data-e-action-hash=\"#elementor-action%3Aaction%3Dlightbox%26settings%3DeyJpZCI6MTEwLCJ1cmwiOiJodHRwczpcL1wvZGVzaWduZzMuYXRcL1JpZWdsZXJcL3dwLWNvbnRlbnRcL3VwbG9hZHNcLzIwMjZcLzAzXC9pbWFnZS0zLmpwZyIsInNsaWRlc2hvdyI6IjkyY2ZlNmQifQ%3D%3D\" href='https:\/\/designg3.at\/Riegler\/wp-content\/uploads\/2026\/03\/image-3.jpg'><img decoding=\"async\" width=\"300\" height=\"199\" src=\"https:\/\/designg3.at\/Riegler\/wp-content\/uploads\/2026\/03\/image-3-300x199.jpg\" class=\"attachment-medium size-medium\" alt=\"\" srcset=\"https:\/\/designg3.at\/Riegler\/wp-content\/uploads\/2026\/03\/image-3-300x199.jpg 300w, https:\/\/designg3.at\/Riegler\/wp-content\/uploads\/2026\/03\/image-3-1024x678.jpg 1024w, https:\/\/designg3.at\/Riegler\/wp-content\/uploads\/2026\/03\/image-3-768x509.jpg 768w, https:\/\/designg3.at\/Riegler\/wp-content\/uploads\/2026\/03\/image-3-1536x1017.jpg 1536w, https:\/\/designg3.at\/Riegler\/wp-content\/uploads\/2026\/03\/image-3.jpg 2048w\" sizes=\"(max-width: 300px) 100vw, 300px\" \/><\/a>\n\t\t\t<\/div><\/figure>\n\t\t<\/div>\n\t\t<\/div>\n\t\t\t\t\t\t<\/div>\n\t\t\t\t\t<\/div>\n\t\t\t\t<\/div>\n\t\t\t\t<\/div>\n\t\t","protected":false},"excerpt":{"rendered":"<p>STANDORTER\u00d6FFNUNG NEUDORF Am Pfingstwochenende, 14. und 15. Mai 2016 wurde der neue Standort in Neudorf feierlich er\u00f6ffnet &#8211; ein gro\u00dfes Fest im Rahmen der Pablicker\u00f6ffnung &#8211; dem neuen Wirtschaftspark &#8211; wurde gefeiert. Es war ein gelungenes und erfolgreiches Fest f\u00fcr uns! Wir bedanken uns herzlich f\u00fcr die Unterst\u00fctzung und Ihren Besuch bei unserem Er\u00f6ffnungsfest!\u00a0 \u00a0 [&hellip;]<\/p>\n","protected":false},"author":1,"featured_media":0,"parent":0,"menu_order":0,"comment_status":"closed","ping_status":"closed","template":"elementor_header_footer","meta":{"footnotes":""},"class_list":["post-41","page","type-page","status-publish","hentry"],"_links":{"self":[{"href":"https:\/\/designg3.at\/Riegler\/wp-json\/wp\/v2\/pages\/41","targetHints":{"allow":["GET"]}}],"collection":[{"href":"https:\/\/designg3.at\/Riegler\/wp-json\/wp\/v2\/pages"}],"about":[{"href":"https:\/\/designg3.at\/Riegler\/wp-json\/wp\/v2\/types\/page"}],"author":[{"embeddable":true,"href":"https:\/\/designg3.at\/Riegler\/wp-json\/wp\/v2\/users\/1"}],"replies":[{"embeddable":true,"href":"https:\/\/designg3.at\/Riegler\/wp-json\/wp\/v2\/comments?post=41"}],"version-history":[{"count":4,"href":"https:\/\/designg3.at\/Riegler\/wp-json\/wp\/v2\/pages\/41\/revisions"}],"predecessor-version":[{"id":113,"href":"https:\/\/designg3.at\/Riegler\/wp-json\/wp\/v2\/pages\/41\/revisions\/113"}],"wp:attachment":[{"href":"https:\/\/designg3.at\/Riegler\/wp-json\/wp\/v2\/media?parent=41"}],"curies":[{"name":"wp","href":"https:\/\/api.w.org\/{rel}","templated":true}]}}